common factor of h and 29?
29
Suppose 10 = 5*g, -3*w + 2*g = -233 - 267. Suppose 2*t + w = -2*t. Let l = 24 - t. Calculate the highest common factor of 22 and l.
22
Let l = 173 + -113. Suppose 4*g - 2*g = 80. What is the highest common factor of g and l?
20
Let n(c) = -4*c - 9. Let k be n(-4). Let t be (-14)/k - 1*-9. Let d = 16 - t. Calculate the highest common divisor of d and 81.
9
Let y(w) = -w + 1. Let q be y(-4). Suppose -20 = -2*l - 3*x, 3*l - 25 + 28 = x. Calculate the greatest common divisor of q and l.
1
Let z be (8/32*4)/(1/38). Suppose 4*l - 4*r + 2 = 146, -4*l + 2*r = -148. Calculate the highest common factor of z and l.
38
Suppose 2*m + 2*m = 0. Suppose m = -2*j + 6*j - 144. What is the highest common divisor of 54 and j?
18
Let v be 3140/(-6)*(-66)/55. Suppose 8*p - 20 = v. Calculate the greatest common divisor of 27 and p.
27
Let d(w) = -w + 18. Suppose 0*y - s = -2*y + 4, 2*s + 8 = 2*y. Let j be d(y). Calculate the greatest common factor of j and 90.
18
Let l = -1 - -10. What is the highest common factor of l and 171?
9
Let q = 15 - 38. Let b = -18 - q. Calculate the highest common factor of 40 and b.
5
Let y be (-6324)/(-84) + (-2)/7. Let b be (-2)/(-7) - y/(-7). Let r(k) = -6*k - 3. Let x be r(-6). What is the highest common factor of x and b?
11
Let g = 108 - 95. Let b = -220 + 311. Calculate the highest common factor of g and b.
13
Suppose 0 = 2*g + 505 - 761. What is the greatest common divisor of g and 16?
16
Let f be (-8)/(-16) - (-92)/(-8). Let t be f + 13 + 28/2*2. What is the greatest common factor of 15 and t?
15
Let j = 588 - 428. What is the highest common divisor of 32 and j?
32
Suppose -4*h + 6*h - u - 1714 = 0, -5*u = -5*h + 4290. Calculate the highest common divisor of 8 and h.
8
Let n be (-13)/(-2)*(-10 + 4). Let x be (-3)/2*208/n. What is the highest common factor of 24 and x?
8
Let q = 33 - -123. Suppose -x = 2*b - q, -5*b = -2*x - 3*b + 300. Suppose 5*c - 2*g - 58 = 27, -5*g = 2*c - 63. What is the greatest common factor of c and x?
19
Suppose -4*w + 43 = -41. Let r(j) = 5*j**2 + j - 1. Let a be r(2). What is the highest common factor of a and w?
21
Let i(w) = w - 2. Let l be i(7). Suppose -l*v + 3*a = -7, -v + 7 = 2*v + a. Suppose n - v*n = -13. Calculate the highest common divisor of n and 26.
13
Let y be (9 - (-57)/6)*64. Calculate the highest common factor of 74 and y.
74
Let j = -20 + 28. Let v be j/28 + (-2262)/(-21). Calculate the greatest common divisor of 36 and v.
36
Let l(b) = b**3 - 2*b**2 - 4*b. Let x be l(-3). Let h be (x/2)/(7/(-42)). What is the greatest common factor of 11 and h?
11
Let m = -8 + 395. What is the highest common factor of m and 27?
9
Suppose -q + 1 = -4*r - 6, 5*q = 5*r + 5. Let c be (-4)/8*6 - 12/r. Calculate the greatest common divisor of c and 6.
3
Suppose -690 = -3*g - 597. Calculate the highest common factor of 3 and g.
1
Let c be (-6 + 2)/((-3)/3). Calculate the highest common factor of c and 18.
2
Let h(m) = -3*m - 3. Let l be h(-2). Suppose 6 - 12 = 2*j. Let o(f) = 3*f**2 - 2*f - 3. Let k be o(j). Calculate the highest common divisor of l and k.
3
Let f be 4/8 - 18/(-4). Suppose 0 = f*p - 18 - 327. Calculate the highest common divisor of 23 and p.
23
Suppose 3*k = 5*n + 105, n - 34 = k - 69. Let q be (-1)/(-2) - (-126)/4. Let w = k - q. Calculate the highest common divisor of w and 3.
3
Let d(z) = -z**3 + 19*z**2 + 56*z - 90. Let f be d(21). What is the greatest common factor of f and 108?
12
Let w be (-4 + 3 - -1)/(-2). Suppose v - 1 - 4 = w. Suppose -4*p = -v*p - 3*l + 8, -3*p = 5*l - 28. What is the greatest common divisor of 99 and p?
11
Suppose 0 = -73*j + 27*j + 874. Calculate the greatest common divisor of 2432 and j.
19
Suppose -3*x + 7*x = 72. Suppose -u = -0*u - x. Suppose u + 37 = y. What is the greatest common factor of 11 and y?
11
Suppose 2*n - 299 = 3*v + 364, 3*n + v - 989 = 0. Let g be (26/(-65))/((-2)/n). Let b = 67 + -34. Calculate the greatest common divisor of g and b.
33
Suppose 277 = 14*j + 4*j - 65. Let n = -48 + 67. What is the highest common factor of n and j?
19
Let p(r) = 7*r**2 + 34*r + 19. Let v be p(-5). Suppose 3*k + 5*u - 51 = 31, 0 = 4*k - 2*u - 92. What is the highest common divisor of v and k?
24
Let a be (3136/(-21)*-1)/(3/27). What is the greatest common divisor of 252 and a?
84
Let k = -451 + 515. Calculate the highest common factor of k and 2.
2
Suppose 20 = -4*a, -3*r - 4*a = 7 + 10. Calculate the highest common divisor of r and 1.
1
Let v(r) = -32*r - 216. Let x be v(-8). What is the greatest common factor of x and 56?
8
Let u = -61 + 187. Calculate the highest common divisor of u and 6.
6
Suppose -k + 6*k + 5 = 0. Let q be (-356 - 62)/(-3 - 1/k). What is the greatest common factor of 19 and q?
19
Suppose 0 = -10*r + 83 + 57. Let o be r - -1*(1 + 0). Calculate the greatest common factor of 30 and o.
15
Let m = 9 - 15. Let k be 170*(3/m)/(4/(-8)). Calculate the highest common divisor of k and 10.
10
Suppose 5*v = -2 + 17. Suppose -v + 0 = g. Let s be (-2)/g - 122/(-6). What is the highest common factor of s and 14?
7
Suppose -4*a - 143 - 109 = 0. Let k = a + 159. Calculate the highest common divisor of 24 and k.
24
Let k be (-6)/(-5)*(-550)/(-15). What is the greatest common factor of 36 and k?
4
Let t(v) = v**3 + 18*v**2 - 22*v - 10. Let y = -1 + -18. Let c be t(y). Calculate the greatest common divisor of c and 517.
47
Let b be 2 - (2 - 2) - -27. Let y = 4 + b. Let q = -23 + y. Calculate the highest common divisor of q and 40.
10
Suppose -7*a = -16*a + 351. Suppose 120 = 5*l - 5*b, -a = -3*l + l + 5*b. What is the highest common factor of 72 and l?
9
Let j be 0/2*(0 - -1) + -9. Let f(q) = -8*q - 24. Let t be f(j). Calculate the greatest common factor of t and 16.
16
Let a(y) = 3*y - 63. Let l be a(24). Let u(m) = m**3 - 8*m**2 - 8*m. Let k be u(l). What is the greatest common divisor of k and 45?
9
Let b = -2659 + 2719. Calculate the greatest common divisor of 132 and b.
12
Let j be 5 + -9 + (-255)/(-17). Let w be ((-1)/(-1))/(1/55). What is the highest common factor of w and j?
11
Let g = -515 + 530. Suppose -3*w - 4*u - 11 = 0, w + 6 = -3*u - 6. Calculate the greatest common divisor of g and w.
3
Let d = 395 - 270. Suppose 5*x - 120 = -5*n, 2*n + x + 3*x = 46. Calculate the highest common divisor of d and n.
25
Let t(a) = -a**2 + 17*a - 15. Suppose -5*h + 5 = -3*y - 36, -5*y + 25 = h. Let s be t(h). Calculate the greatest common divisor of s and 11.
11
Let j = -19 + 19. Suppose -x + 3*y + 0 + 8 = j, 0 = -y. Let p = 16 + 4. Calculate the greatest common factor of p and x.
4
Let v = 0 - 6. Let y be v/(-27) + 115/9. Suppose -s + 0*s = -y. What is the highest common factor of s and 52?
13
Let q be (-2)/(8/7)*28/(-7). Calculate the highest common divisor of 21 and q.
7
Suppose 631 - 10346 = -67*p. Calculate the highest common divisor of p and 174.
29
Let x be (2 + (6 - -1))*(2 - 1). What is the greatest common factor of 27 and x?
9
Suppose -6*l + 2*l = -2*s + 48, 5*l + 10 = 0. Calculate the greatest common factor of 8 and s.
4
Suppose -5*f + 348 + 1306 = 4*o, 0 = 3*f - 4*o - 1018. Let p be (-28)/(-42) - f/(-3). What is the highest common divisor of p and 16?
16
Let j = -1449 + 1495. Calculate the greatest common factor of j and 138.
46
Let a be (9 + -1)*3/4. Suppose -3*o + a*o - 792 = 0. Let s be (-679)/(-28) - -4*2/(-32). Calculate the greatest common divisor of s and o.
24
Let v be (2 + (-1)/2)/((-21)/(-28)). Let g = -51 + 83. Suppose -5*j = 5*h - 580, h + v*j - g = 79. What is the highest common divisor of 11 and h?
11
Suppose -56*s = -17*s - 2340. What is the highest common factor of 80 and s?
20
Let r be (2/4)/((-3)/6). Let a be (8 - 7)/((r/98)/(-1)). What is the greatest common factor of 14 and a?
14
Let c(v) = 17*v - 605. Let w be c(37). Calculate the highest common factor of 12 and w.
12
Suppose -3*f - 4*m + 2*m = -18, -5*f = m - 30. Suppose -y = f*y - 252. What is the greatest common factor of 12 and y?
12
Let h = 54 - 52. Suppose 2*p = 102 - h. Calculate the greatest common divisor of p and 10.
10
Suppose -3*r - w - 18 = -7, 2*r = -2*w - 6. Let x(y) = y**2 + y. Let h be x(r). Let p be h/14*(-70)/(-15). What is the highest common factor of p and 4?
4
Suppose 20*c - 24 = 176. What is the highest common factor of c 